{"id":18,"date":"2021-10-18T10:26:34","date_gmt":"2021-10-18T10:26:34","guid":{"rendered":"https:\/\/craniofa.ch\/?page_id=18"},"modified":"2025-04-23T15:07:52","modified_gmt":"2025-04-23T15:07:52","slug":"kontakt","status":"publish","type":"page","link":"https:\/\/craniofa.ch\/?page_id=18","title":{"rendered":"Kontakt"},"content":{"rendered":"\n<p>Wenn Sie sich f\u00fcr ein Angebot interessieren oder einen Termin vereinbaren m\u00f6chten, dann tragen Sie sich ins Kontaktformular ein oder melden sich direkt per Telefon oder Whatsapp oder E-Mail bei mir. Ich freu mich \u00fcber die Kontaktaufnahme.<\/p>\n\n\n\n<div class=\"wp-block-columns is-layout-flex wp-container-core-columns-is-layout-9d6595d7 wp-block-columns-is-layout-flex\">\n<div class=\"wp-block-column is-layout-flow wp-block-column-is-layout-flow\">\n<div class=\"wp-block-contact-form-7-contact-form-selector\">\n<div class=\"wpcf7 no-js\" id=\"wpcf7-f254-o1\" lang=\"de-DE\" dir=\"ltr\" data-wpcf7-id=\"254\">\n<div class=\"screen-reader-response\"><p role=\"status\" aria-live=\"polite\" aria-atomic=\"true\"><\/p> <ul><\/ul><\/div>\n<form action=\"\/index.php?rest_route=%2Fwp%2Fv2%2Fpages%2F18#wpcf7-f254-o1\" method=\"post\" class=\"wpcf7-form init\" aria-label=\"Kontaktformular\" novalidate=\"novalidate\" data-status=\"init\">\n<fieldset class=\"hidden-fields-container\"><input type=\"hidden\" name=\"_wpcf7\" value=\"254\" \/><input type=\"hidden\" name=\"_wpcf7_version\" value=\"6.1.5\" \/><input type=\"hidden\" name=\"_wpcf7_locale\" value=\"de_DE\" \/><input type=\"hidden\" name=\"_wpcf7_unit_tag\" value=\"wpcf7-f254-o1\" \/><input type=\"hidden\" name=\"_wpcf7_container_post\" value=\"0\" \/><input type=\"hidden\" name=\"_wpcf7_posted_data_hash\" value=\"\" \/>\n<\/fieldset>\n<p><label> Name<br \/>\n<span class=\"wpcf7-form-control-wrap\" data-name=\"your-name\"><input size=\"40\" maxlength=\"400\" class=\"wpcf7-form-control wpcf7-text wpcf7-validates-as-required\" aria-required=\"true\" aria-invalid=\"false\" value=\"\" type=\"text\" name=\"your-name\" \/><\/span> <\/label><br \/>\n<span id=\"wpcf7-69e596a677a47-wrapper\" class=\"wpcf7-form-control-wrap name-wrap\" ><input type=\"hidden\" name=\"name-time-start\" value=\"1776653990\"><input type=\"hidden\" name=\"name-time-check\" value=\"3\"><label for=\"wpcf7-69e596a677a47-field\" class=\"hp-message\">Bitte lasse dieses Feld leer.<\/label><input id=\"wpcf7-69e596a677a47-field\"  class=\"wpcf7-form-control wpcf7-text\" type=\"text\" name=\"name\" value=\"\" size=\"40\" tabindex=\"-1\" autocomplete=\"new-password\" \/><\/span>\n<\/p>\n<p><label> E-Mail-Adresse<br \/>\n<span class=\"wpcf7-form-control-wrap\" data-name=\"your-email\"><input size=\"40\" maxlength=\"400\" class=\"wpcf7-form-control wpcf7-email wpcf7-validates-as-required wpcf7-text wpcf7-validates-as-email\" aria-required=\"true\" aria-invalid=\"false\" value=\"\" type=\"email\" name=\"your-email\" \/><\/span><\/label><br \/>\n<span id=\"wpcf7-69e596a677b5d-wrapper\" class=\"wpcf7-form-control-wrap email-wrap\" ><input type=\"hidden\" name=\"email-time-start\" value=\"1776653990\"><input type=\"hidden\" name=\"email-time-check\" value=\"3\"><label for=\"wpcf7-69e596a677b5d-field\" class=\"hp-message\">Bitte lasse dieses Feld leer.<\/label><input id=\"wpcf7-69e596a677b5d-field\"  class=\"wpcf7-form-control wpcf7-text\" type=\"text\" name=\"email\" value=\"\" size=\"40\" tabindex=\"-1\" autocomplete=\"new-password\" \/><\/span>\n<\/p>\n<p><label> Betreff<br \/>\n<span class=\"wpcf7-form-control-wrap\" data-name=\"your-subject\"><input size=\"40\" maxlength=\"400\" class=\"wpcf7-form-control wpcf7-text wpcf7-validates-as-required\" aria-required=\"true\" aria-invalid=\"false\" value=\"\" type=\"text\" name=\"your-subject\" \/><\/span> <\/label>\n<\/p>\n<p><label> Mitteilung<br \/>\n<span class=\"wpcf7-form-control-wrap\" data-name=\"your-message\"><textarea cols=\"40\" rows=\"10\" maxlength=\"2000\" class=\"wpcf7-form-control wpcf7-textarea\" aria-invalid=\"false\" name=\"your-message\"><\/textarea><\/span> <\/label>\n<\/p>\n<p><input class=\"wpcf7-form-control wpcf7-submit has-spinner\" type=\"submit\" value=\"Senden\" \/>\n<\/p><p style=\"display: none !important;\" class=\"akismet-fields-container\" data-prefix=\"_wpcf7_ak_\"><label>&#916;<textarea name=\"_wpcf7_ak_hp_textarea\" cols=\"45\" rows=\"8\" maxlength=\"100\"><\/textarea><\/label><input type=\"hidden\" id=\"ak_js_1\" name=\"_wpcf7_ak_js\" value=\"20\"\/><script>document.getElementById( \"ak_js_1\" ).setAttribute( \"value\", ( new Date() ).getTime() );<\/script><\/p><div class=\"wpcf7-response-output\" aria-hidden=\"true\"><\/div>\n<\/form>\n<\/div>\n<\/div>\n<\/div>\n\n\n\n<div class=\"wp-block-column is-layout-flow wp-block-column-is-layout-flow\">\n<p style=\"font-size:17px\"><strong>Praxis<\/strong> <strong>Ruswil<\/strong> <br>Die Gemeinschaftspraxis befindet sich in Ruswil an der Hellb\u00fchlerstrasse 8. Zu Fuss ist sie in 1 Minuten von der Busstation &#8222;Ruswil Rottalcenter&#8220; erreichbar. \u00d6ffentliche Parkpl\u00e4tze gibt es beim &#8222;Marktplatz&#8220; oder hinter dem Haus, falls Sie mit dem Auto anreisen. Ein Lift ist vorhanden. <br><\/p>\n\n\n\n<p style=\"font-size:17px\"><strong>Praxis Basel<\/strong> momentan in Allschwil<br>Die Gemeinschaftspraxis in Basel ist aktuell an der Fabrikstrasse 2 in Allschwil. Zu Fuss ist sie 1 Minuten von der Haltestelle &#8222;Allschwil Letten&#8220; entfernt. <br><br><\/p>\n\n\n\n<p><\/p>\n<\/div>\n<\/div>\n\n\n\n<div class=\"wp-block-columns is-layout-flex wp-container-core-columns-is-layout-9d6595d7 wp-block-columns-is-layout-flex\">\n<div class=\"wp-block-column is-layout-flow wp-block-column-is-layout-flow\">\n<p style=\"font-size:18px\"><strong>Fabienne Studer<\/strong><br><strong>+41 77 987 91 82<br><a rel=\"noreferrer noopener\" href=\"mailto:info@craniofa.ch\" target=\"_blank\">info@craniofa.ch<\/a><\/strong><\/p>\n<\/div>\n\n\n\n<div class=\"wp-block-column is-layout-flow wp-block-column-is-layout-flow\">\n<p style=\"font-size:18px\"><strong>Praxis in Basel: <\/strong><br><strong><strong>Praxis f\u00fcr <\/strong>K\u00f6rperarbeit<\/strong><br><strong>Fabrikstrasse 2<br>4123 Allschwil<br><strong><br><\/strong><br><\/strong><br><\/p>\n<\/div>\n\n\n\n<div class=\"wp-block-column is-layout-flow wp-block-column-is-layout-flow\">\n<p class=\"has-text-align-left\" style=\"font-size:18px\"><strong>Praxis in Ruswil: <br>Praxis f\u00fcr K\u00f6rperarbeit<\/strong><br><strong>Hellb\u00fchlerstrasse 8<br>6017 Ruswil <\/strong><br><br><\/p>\n<\/div>\n<\/div>\n\n\n\n<div class=\"wp-block-cover aligncenter is-light has-custom-content-position is-position-bottom-left\" style=\"min-height:50vh;aspect-ratio:unset;\"><img loading=\"lazy\" decoding=\"async\" width=\"512\" height=\"294\" class=\"wp-block-cover__image-background wp-image-157\" alt=\"\" src=\"https:\/\/craniofa.ch\/wp-content\/uploads\/2021\/10\/cropped-cropped-cropped-cropped-background-g993bce317_1920-Kopie-2.jpg\" style=\"object-position:75% 72%\" data-object-fit=\"cover\" data-object-position=\"75% 72%\" srcset=\"https:\/\/craniofa.ch\/wp-content\/uploads\/2021\/10\/cropped-cropped-cropped-cropped-background-g993bce317_1920-Kopie-2.jpg 512w, https:\/\/craniofa.ch\/wp-content\/uploads\/2021\/10\/cropped-cropped-cropped-cropped-background-g993bce317_1920-Kopie-2-300x172.jpg 300w\" sizes=\"auto, (max-width: 512px) 100vw, 512px\" \/><span aria-hidden=\"true\" class=\"wp-block-cover__background has-background-dim-10 has-background-dim\"><\/span><div class=\"wp-block-cover__inner-container is-layout-flow wp-block-cover-is-layout-flow\">\n<div class=\"wp-block-columns is-layout-flex wp-container-core-columns-is-layout-9d6595d7 wp-block-columns-is-layout-flex\">\n<div class=\"wp-block-column is-vertically-aligned-center is-layout-flow wp-block-column-is-layout-flow\">\n<p class=\"has-base-3-color has-text-color has-link-color wp-elements-773eb2f2a8ec2456920698dbd4fc0565\">&#8230;.sch\u00f6n bist du da.<\/p>\n<\/div>\n<\/div>\n<\/div><\/div>\n","protected":false},"excerpt":{"rendered":"<p>Wenn Sie sich f\u00fcr ein Angebot interessieren oder einen Termin vereinbaren m\u00f6chten, dann tragen Sie sich ins Kontaktformular ein oder melden sich direkt per Telefon oder Whatsapp oder E-Mail bei mir. Ich freu mich \u00fcber die Kontaktaufnahme. Praxis Ruswil Die Gemeinschaftspraxis befindet sich in Ruswil an der Hellb\u00fchlerstrasse 8. Zu Fuss ist sie in 1 &#8230; <a title=\"Kontakt\" class=\"read-more\" href=\"https:\/\/craniofa.ch\/?page_id=18\" aria-label=\"Mehr Informationen \u00fcber Kontakt\">Weiterlesen<\/a><\/p>\n","protected":false},"author":1,"featured_media":0,"parent":0,"menu_order":0,"comment_status":"closed","ping_status":"closed","template":"","meta":{"footnotes":""},"class_list":["post-18","page","type-page","status-publish"],"_links":{"self":[{"href":"https:\/\/craniofa.ch\/index.php?rest_route=\/wp\/v2\/pages\/18","targetHints":{"allow":["GET"]}}],"collection":[{"href":"https:\/\/craniofa.ch\/index.php?rest_route=\/wp\/v2\/pages"}],"about":[{"href":"https:\/\/craniofa.ch\/index.php?rest_route=\/wp\/v2\/types\/page"}],"author":[{"embeddable":true,"href":"https:\/\/craniofa.ch\/index.php?rest_route=\/wp\/v2\/users\/1"}],"replies":[{"embeddable":true,"href":"https:\/\/craniofa.ch\/index.php?rest_route=%2Fwp%2Fv2%2Fcomments&post=18"}],"version-history":[{"count":43,"href":"https:\/\/craniofa.ch\/index.php?rest_route=\/wp\/v2\/pages\/18\/revisions"}],"predecessor-version":[{"id":747,"href":"https:\/\/craniofa.ch\/index.php?rest_route=\/wp\/v2\/pages\/18\/revisions\/747"}],"wp:attachment":[{"href":"https:\/\/craniofa.ch\/index.php?rest_route=%2Fwp%2Fv2%2Fmedia&parent=18"}],"curies":[{"name":"wp","href":"https:\/\/api.w.org\/{rel}","templated":true}]}}