{"id":43,"date":"2021-10-18T10:43:12","date_gmt":"2021-10-18T10:43:12","guid":{"rendered":"https:\/\/craniofa.ch\/?page_id=43"},"modified":"2026-04-10T18:12:23","modified_gmt":"2026-04-10T18:12:23","slug":"ueber-mich","status":"publish","type":"page","link":"https:\/\/craniofa.ch\/?page_id=43","title":{"rendered":""},"content":{"rendered":"\n<h2 class=\"wp-block-heading\"><strong>\u00fcber mich<\/strong><\/h2>\n\n\n\n<p>Ich bin Fabienne und die Person hinter Craniofa. <br>Nachdem ich viele Jahre in verschiedenen Berufen t\u00e4tig war, belegte ich 2013 den ersten Craniosacral-Kurs. Seit 2016 praktiziere ich biodynamische Craniosacral-Therapie. <br>Nebst kontinuierlichen Fortbildungen in craniosacraler Therapie habe ich weitere Kurse in verschiedenen Methoden besucht und mein Wissen stetig erweitert und erg\u00e4nzt. So praktiziere ich heute eine K\u00f6rperarbeit, die \u00f6stliche und westliche Behandlungskonzepte beinhalten. Alle Formen machen heute meine Behandlungen aus. Ich freue mich darauf dich ein St\u00fcck auf deinem individuellen Weg begleiten zu d\u00fcrfen.<br><\/p>\n\n\n\n<p>Von Herzen danke ich meinen Lehrerinnen und Lehrern &#8211; dem Leben mit allen Erfahrungen und Begegnungen.<\/p>\n\n\n\n<div class=\"wp-block-group\"><div class=\"wp-block-group__inner-container is-layout-flow wp-block-group-is-layout-flow\">\n<div class=\"wp-block-columns alignwide is-layout-flex wp-container-core-columns-is-layout-9d6595d7 wp-block-columns-is-layout-flex\">\n<div class=\"wp-block-column is-vertically-aligned-top is-layout-flow wp-block-column-is-layout-flow\">\n<p><\/p>\n\n\n\n<h3 class=\"wp-block-heading\"><strong>&lt;Ausbildungen&gt;<\/strong><\/h3>\n\n\n\n<ul>\n<li>In Ausbildung zur eidg. dipl. Komplement\u00e4r Therapeutin\n<\/li>\n<li>Branchenzertifikat OdA KT\n<\/li>\n<li><span class=\"wixui-rich-text__text\"><span class=\"wixui-rich-text__text\"><span class=\"wixui-rich-text__text\"><span class=\"wixui-rich-text__text\"><span class=\"wixui-rich-text__text\"><span class=\"wixui-rich-text__text\"><span class=\"wixui-rich-text__text\"><span class=\"wixui-rich-text__text\"><span class=\"wixui-rich-text__text\">Patientensicherheit &#8211; Red Flags\n<p><\/span><\/span><\/span><\/span><\/span><\/span><\/span><\/span><\/span><\/li>\n<li>Abschluss Dipl. biodynamische Craniosacral-Therapie, ISBC Kiental\n<\/li>\n<li>500 h westliche Medizin, Heilpraktikerschule Luzern\n<\/li>\n<li>verschiedene Ausbildungen in K\u00f6rper &#8211; Geist Arbeit\n<\/li>\n<li>Ausbildungsmodule Akupressur und Meridianlehre\n<\/li>\n<li>Abschluss Dipl. Klassische Massage<\/li>\n<\/ul>\n<\/div>\n\n\n\n<div class=\"wp-block-column is-vertically-aligned-bottom is-layout-flow wp-block-column-is-layout-flow\">\n<h2 class=\"wp-block-heading\"><\/h2>\n\n\n\n<h3 class=\"wp-block-heading\"><strong>&lt;Weiterbildungen u.a.&gt;<\/strong><\/h3>\n\n\n\n<ul>\n<li>Der Mensch als Embryo &#8211; der Embryo im Mensch bei Jap Van der Wal\n<\/li>\n<li>Grundkurs der Erfahrbare Atem nach Ilse Middendorf bei Michael Maar\n<\/li>\n<li>Die Darm-Hirn-Vagus-Verbindung in der Biodynamischen Craniosacral Therapie bei Michael Shea\n<\/li>\n<li>Craniosacrale Therapie bei Gehirnersch\u00fctterungen: Ausbalancieren der Cranialbasis bei Michael Shea\n<\/li>\n<li>Osteopathie &#8211; Nervus Vagus bei J\u00fcrgen Westhoff<\/li>\n<li>Intro &#8211; Somatic Experiencing (SE) nach Peter Levine\n<\/li>\n<li>Shin Thai &#8211; Strukturarbeit im H\u00fcftbereich bei Claudia Beretta\n<\/li>\n<li>Esalen Massage Grundkurs bei Nina Ottenheym\n<\/li>\n<li>sowie j\u00e4hrliche Weiterbildungen nach EMR-Richtlinien<\/li>\n<\/ul>\n<\/div>\n<\/div>\n<\/div><\/div>\n\n\n\n<p><br><\/p>\n","protected":false},"excerpt":{"rendered":"<p>\u00fcber mich Ich bin Fabienne und die Person hinter Craniofa. Nachdem ich viele Jahre in verschiedenen Berufen t\u00e4tig war, belegte ich 2013 den ersten Craniosacral-Kurs. Seit 2016 praktiziere ich biodynamische Craniosacral-Therapie. Nebst kontinuierlichen Fortbildungen in craniosacraler Therapie habe ich weitere Kurse in verschiedenen Methoden besucht und mein Wissen stetig erweitert und erg\u00e4nzt. So praktiziere ich &#8230; <a title=\"\" class=\"read-more\" href=\"https:\/\/craniofa.ch\/?page_id=43\" aria-label=\"Mehr Informationen \u00fcber \">Weiterlesen<\/a><\/p>\n","protected":false},"author":1,"featured_media":0,"parent":0,"menu_order":0,"comment_status":"closed","ping_status":"closed","template":"","meta":{"footnotes":""},"class_list":["post-43","page","type-page","status-publish"],"_links":{"self":[{"href":"https:\/\/craniofa.ch\/index.php?rest_route=\/wp\/v2\/pages\/43","targetHints":{"allow":["GET"]}}],"collection":[{"href":"https:\/\/craniofa.ch\/index.php?rest_route=\/wp\/v2\/pages"}],"about":[{"href":"https:\/\/craniofa.ch\/index.php?rest_route=\/wp\/v2\/types\/page"}],"author":[{"embeddable":true,"href":"https:\/\/craniofa.ch\/index.php?rest_route=\/wp\/v2\/users\/1"}],"replies":[{"embeddable":true,"href":"https:\/\/craniofa.ch\/index.php?rest_route=%2Fwp%2Fv2%2Fcomments&post=43"}],"version-history":[{"count":32,"href":"https:\/\/craniofa.ch\/index.php?rest_route=\/wp\/v2\/pages\/43\/revisions"}],"predecessor-version":[{"id":750,"href":"https:\/\/craniofa.ch\/index.php?rest_route=\/wp\/v2\/pages\/43\/revisions\/750"}],"wp:attachment":[{"href":"https:\/\/craniofa.ch\/index.php?rest_route=%2Fwp%2Fv2%2Fmedia&parent=43"}],"curies":[{"name":"wp","href":"https:\/\/api.w.org\/{rel}","templated":true}]}}