{"id":97,"date":"2021-11-07T10:21:09","date_gmt":"2021-11-07T10:21:09","guid":{"rendered":"https:\/\/craniofa.ch\/?page_id=97"},"modified":"2023-06-08T18:46:40","modified_gmt":"2023-06-08T18:46:40","slug":"klassische-massage","status":"publish","type":"page","link":"https:\/\/craniofa.ch\/?page_id=97","title":{"rendered":"Klassische Massage"},"content":{"rendered":"\n<div class=\"wp-block-cover aligncenter is-light\"><span aria-hidden=\"true\" class=\"wp-block-cover__background has-background-dim-0 has-background-dim\"><\/span><img loading=\"lazy\" decoding=\"async\" width=\"2560\" height=\"1920\" class=\"wp-block-cover__image-background wp-image-320\" alt=\"\" src=\"https:\/\/craniofa.ch\/wp-content\/uploads\/2021\/11\/20211105_125602-Kopie-3-scaled.jpg\" data-object-fit=\"cover\" srcset=\"https:\/\/craniofa.ch\/wp-content\/uploads\/2021\/11\/20211105_125602-Kopie-3-scaled.jpg 2560w, https:\/\/craniofa.ch\/wp-content\/uploads\/2021\/11\/20211105_125602-Kopie-3-300x225.jpg 300w, https:\/\/craniofa.ch\/wp-content\/uploads\/2021\/11\/20211105_125602-Kopie-3-1024x768.jpg 1024w, https:\/\/craniofa.ch\/wp-content\/uploads\/2021\/11\/20211105_125602-Kopie-3-768x576.jpg 768w, https:\/\/craniofa.ch\/wp-content\/uploads\/2021\/11\/20211105_125602-Kopie-3-1536x1152.jpg 1536w, https:\/\/craniofa.ch\/wp-content\/uploads\/2021\/11\/20211105_125602-Kopie-3-2048x1536.jpg 2048w\" sizes=\"auto, (max-width: 2560px) 100vw, 2560px\" \/><div class=\"wp-block-cover__inner-container is-layout-flow wp-block-cover-is-layout-flow\">\n<p class=\"has-text-align-center has-large-font-size\"><\/p>\n<\/div><\/div>\n\n\n\n<p>Die klassische Massage wirkt beruhigend, entspannend&nbsp; und l\u00e4sst den K\u00f6rper wieder weicher, beweglicher und durchl\u00e4ssiger werden. Die klassische Massage lindert zahlreiche Leiden, besonders Verspannungen der Muskulatur und Schmerzen im Bewegungsapparat. Sie hilft auch Stress im Alltag zu bew\u00e4ltigen und ist ein bew\u00e4hrtes Mittel um die Gesundheit zu f\u00f6rdern und zu erhalten. Eine Massage ist eine revitalisierende und gleichzeitig wohltuende Auszeit. Eine Behandlung dauert in der Regel zwischen 45&nbsp;bis 90 Minuten. K\u00fcrzere oder l\u00e4ngere Behandlungen k\u00f6nnen individuell vereinbart werden.<br><br><\/p>\n\n\n\n<p>Anwendungen u.a.<\/p>\n\n\n\n<ul class=\"wp-block-list\">\n<li>Verspannungen der Muskulatur<\/li>\n\n\n\n<li>Erkrankungen des Bewegungsapparates<\/li>\n\n\n\n<li>Kopf-, Nacken- und R\u00fcckenschmerzen<\/li>\n\n\n\n<li>Migr\u00e4ne<\/li>\n\n\n\n<li>Stress usw. <\/li>\n<\/ul>\n\n\n\n<p><br><br><br><\/p>\n\n\n\n<p><br><br><br><\/p>\n\n\n\n<p><\/p>\n\n\n\n<p><\/p>\n\n\n\n<p><\/p>\n","protected":false},"excerpt":{"rendered":"<p>Die klassische Massage wirkt beruhigend, entspannend&nbsp; und l\u00e4sst den K\u00f6rper wieder weicher, beweglicher und durchl\u00e4ssiger werden. Die klassische Massage lindert zahlreiche Leiden, besonders Verspannungen der Muskulatur und Schmerzen im Bewegungsapparat. Sie hilft auch Stress im Alltag zu bew\u00e4ltigen und ist ein bew\u00e4hrtes Mittel um die Gesundheit zu f\u00f6rdern und zu erhalten. Eine Massage ist eine &#8230; <a title=\"Klassische Massage\" class=\"read-more\" href=\"https:\/\/craniofa.ch\/?page_id=97\" aria-label=\"Mehr Informationen \u00fcber Klassische Massage\">Weiterlesen<\/a><\/p>\n","protected":false},"author":1,"featured_media":0,"parent":0,"menu_order":0,"comment_status":"closed","ping_status":"closed","template":"","meta":{"footnotes":""},"class_list":["post-97","page","type-page","status-publish"],"_links":{"self":[{"href":"https:\/\/craniofa.ch\/index.php?rest_route=\/wp\/v2\/pages\/97","targetHints":{"allow":["GET"]}}],"collection":[{"href":"https:\/\/craniofa.ch\/index.php?rest_route=\/wp\/v2\/pages"}],"about":[{"href":"https:\/\/craniofa.ch\/index.php?rest_route=\/wp\/v2\/types\/page"}],"author":[{"embeddable":true,"href":"https:\/\/craniofa.ch\/index.php?rest_route=\/wp\/v2\/users\/1"}],"replies":[{"embeddable":true,"href":"https:\/\/craniofa.ch\/index.php?rest_route=%2Fwp%2Fv2%2Fcomments&post=97"}],"version-history":[{"count":6,"href":"https:\/\/craniofa.ch\/index.php?rest_route=\/wp\/v2\/pages\/97\/revisions"}],"predecessor-version":[{"id":585,"href":"https:\/\/craniofa.ch\/index.php?rest_route=\/wp\/v2\/pages\/97\/revisions\/585"}],"wp:attachment":[{"href":"https:\/\/craniofa.ch\/index.php?rest_route=%2Fwp%2Fv2%2Fmedia&parent=97"}],"curies":[{"name":"wp","href":"https:\/\/api.w.org\/{rel}","templated":true}]}}